 b = -5*a + 8. Suppose 0 = -b*s - 19 + 67. What are the prime factors of s?
2
Let y = -72 - -126. Suppose -6*f = -4*f. Suppose 6*i - 5*i - y = f. What are the prime factors of i?
2, 3
What are the prime factors of (-10 - (7 + -2))*720/(-25)?
2, 3
Let u be (1 + 1)*(-5 - 1). Let y be ((-40)/u)/((-3)/9). What are the prime factors of 4/y + 64/10?
2, 3
Let p be (-6)/24 - 17/(-4). Suppose 4*w - 8*w + p = 0. Suppose -5*y - 3*v + 29 = 0, -4*y = -5*v + w - 2. What are the prime factors of y?
2
Suppose 11*p - 2040 = -4*k + 15*p, 0 = 2*k - 4*p - 1018. List the prime factors of k.
7, 73
Let t(a) = 2*a**3 + 180 - a**3 - 179 - 6*a + 2*a. Let g(f) = -f - 5. Let z be g(-8). What are the prime factors of t(z)?
2
Let k = 1559 + -529. List the prime factors of k.
2, 5, 103
Suppose 6*g + 775 = 4*y + 7*g, 3*g - 960 = -5*y. List the prime factors of y.
3, 5, 13
Let l = -19 + 10. Let g = 9 + l. Suppose g = -2*v + 1 + 7. List the prime factors of v.
2
Suppose -129 - 1548 = -q. List the prime factors of q.
3, 13, 43
Suppose g - 6*g = 0. Suppose 0 = 5*m - g*m - 9120. List the prime factors of 6/27 - m/(-54).
2, 17
Let m = -248 + 504. List the prime factors of m.
2
Let c(v) = 3*v - 2*v - v**2 - 3 - v**3 + 6*v**2. Let f be c(5). Suppose -h = -f*b - 18, -3*h + b = -35 - 19. What are the prime factors of h?
2, 3
What are the prime factors of 6/1 + 934 - -8?
2, 3, 79
Suppose 23 = 2*s - 37. Suppose 266 + 70 = 16*y. List the prime factors of s/8*224/y.
2, 5
Let n be 2 - 1/(3/(-204)). Suppose 2*i = -3*i - 175. Let c = n + i. What are the prime factors of c?
5, 7
Let g(d) = -d**3 + 13*d**2 - 4*d + 22. Let y be g(12). Let r = -101 + y. What are the prime factors of r?
17
Let v = -25 + 16. Let h = -31 - -30. List the prime factors of (h + -2 + v)/(-2).
2, 3
Let q(w) = w**2 + 8*w - 6. Let b be q(-9). Suppose 0 = b*h + 2*t - 173, -t + 113 = 2*h - 2*t. List the prime factors of h.
3, 19
Suppose -2*q + 1173 = y + 2*y, -2*q + 4*y + 1208 = 0. List the prime factors of q.
2, 3, 11
Suppose -3*t - 1433 = -2*i + 31, 2*t = 4*i - 2944. What are the prime factors of i?
2, 3, 41
Suppose 0 = 3*g - 8*g - 1970. Let h = g + 597. What are the prime factors of h?
7, 29
Let o(v) = -v**3 + 3*v**2 + 5*v - 1. Let k be o(4). Let n = 76 - 44. Suppose -j - k*j = -n. List the prime factors of j.
2
Let c(b) = 3*b**2 - 3*b + 1. Let k be c(2). Let n = -8 - k. What are the prime factors of (n - 1)/(-1 - 0)?
2
Let v = 82 - 88. Let r(w) = 4*w + 2. Let k be r(3). Let a = k + v. List the prime factors of a.
2
Let y be 500*(-1)/(20/8). List the prime factors of y/(-1)*(0 + (-4)/(-5)).
2, 5
Let n = -1762 - -2063. What are the prime factors of n?
7, 43
What are the prime factors of ((-996)/7)/(10/(-35))?
2, 3, 83
Let r(w) = 116*w**3 + w**2 - 2*w + 1. Let y be r(1). Let j = y + -68. What are the prime factors of j?
2, 3
Suppose -9*s + 35 = -4*s. Let a(h) = -h**2 + 7*h + 6. Let d be a(s). Suppose 3*o = o + d, j + 5*o - 36 = 0. List the prime factors of j.
3, 7
Let a be 2*(-1 + (-9)/(-6)). Let b be -1 + (a + 3 - -1). Suppose 0 = 5*w - g - 34, -b*g - g - 50 = -5*w. What are the prime factors of w?
2, 3
Let g = 54 - -1038. List the prime factors of g.
2, 3, 7, 13
Suppose 3*k + 12 = 0, -f - 4*k + 12 - 1 = 0. What are the prime factors of f?
3
Let n = 25 - -1. Let l = n - 43. Let d = 22 + l. What are the prime factors of d?
5
Let m = 968 + -368. What are the prime factors of m?
2, 3, 5
Suppose -3 = 4*q - 7*q. Suppose -1829 = -5*i - 5*a - 664, -a - q = 0. What are the prime factors of i?
2, 3, 13
Suppose -64*n + 9630 = -54*n. List the prime factors of n.
3, 107
Let d = -1606 - -2739. List the prime factors of d.
11, 103
Let s = -36 + 44. Suppose 2*b = s + 8. List the prime factors of b.
2
Suppose 4*i - h - 66 = -3*h, 3*i - h - 37 = 0. Let w = 218 + -219. Let n = w + i. List the prime factors of n.
13
Suppose 13*q = 6*q. Suppose -20*n + 25*n - 40 = q. List the prime factors of n.
2
Let n = -135 - -135. Suppose n = 4*b - 951 - 217. List the prime factors of b.
2, 73
Let v = 101 + 103. List the prime factors of v.
2, 3, 17
Suppose 693 = -5*q - 282. Let i = 433 + q. What are the prime factors of i?
2, 7, 17
Let w = 2455 + -1230. What are the prime factors of w?
5, 7
Suppose 5*p = 25, p = -2*i + 222 + 611. List the prime factors of i.
2, 3, 23
Let t(c) = -c**3 - 1. Let u(k) = 7*k**3 + 8*k**2 + 3*k - 5. Let l(d) = 6*t(d) + u(d). List the prime factors of l(-7).
17
Let n(t) = -23*t + 28. Let u(g) = -g - 1. Let z(c) = n(c) + 6*u(c). What are the prime factors of z(-5)?
167
Let v(j) = 13*j - 4. Let m be v(-3). What are the prime factors of (-1 + 0)*(0 + m)?
43
Let c(l) = 5*l**3 - 7*l**2 - 3*l - 6. What are the prime factors of c(3)?
3, 19
Suppose -146965 = -38*j - 47*j. What are the prime factors of j?
7, 13, 19
Let j = -46 + 45. List the prime factors of (11*j + 1)*20/(-8).
5
Suppose -2*k = 3*k + 5, -56 = -4*p - 4*k. Let a be 150/(-20)*9*20/(-75). Let f = p + a. What are the prime factors of f?
3, 11
Let x be ((-91)/39)/((-1)/6). Let n be 4/2 + 6 + -6. Let m = x - n. List the prime factors of m.
2, 3
Let f be ((-13)/39)/((-1)/15). Suppose j - h - 11 = 2*h, -22 = -2*j + f*h. Let l = j - -15. What are the prime factors of l?
2, 13
Suppose -6*q + 5*q + 4 = 0. Let o(i) = i**3 + i**2 + 1. Let t(n) = -43*n**3 + 4*n**2 - n + 4. Let m(g) = q*o(g) - t(g). What are the prime factors of m(1)?
2, 3
Let k = -21 + 23. Suppose 0 = -4*m - 3*g + 612, 5*g + 765 = k*m + 3*m. What are the prime factors of m?
3, 17
Let f = 1272 - 632. List the prime factors of f.
2, 5
Let z(m) = -m**3 + 13*m**2 - 12*m. Let u be z(12). Suppose u = 5*h - 4*n - 82, 2*h - 3*h = -4*n - 26. List the prime factors of h.
2, 7
Let g(y) = -3*y - 7. Let s(q) = -6*q - 15. Let x(b) = -5*g(b) + 2*s(b). Let z be x(-7). List the prime factors of z/4 - -1 - -44.
41
Let o(a) = -9*a + 3*a - a**2 - 3 - a - 1. Let y be o(-6). Suppose 0 = -y*q + 13 + 39. List the prime factors of q.
2, 13
Suppose 3*l + 12 = 0, 4*k - 3*k + 5*l - 307 = 0. List the prime factors of k.
3, 109
Suppose -h + 6878 = 3*j, 8*j - 6870 = 5*j - 3*h. What are the prime factors of j?
2, 31, 37
Suppose -449 - 2005 = -6*f. List the prime factors of f.
409
Suppose 0 = 9*k - 20*k + 55. Let a(z) = 3*z**3 - 8*z**2 + 9*z - 13. What are the prime factors of a(k)?
3, 23
Let a = 1453 - 1005. What are the prime factors of a?
2, 7
Suppose -3*q = -6 - 18. Let b(v) = 3 + 0*v**3 - 3*v**3 + 9*v - q*v**2 + 4*v**3 - 2*v**3. What are the prime factors of b(-9)?
3
Suppose 0 = 193*m - 196*m + 321. What are the prime factors of m?
107
Let o = 3950 - 934. List the prime factors of o.
2, 13, 29
Suppose 240*s + 1028 = 242*s. List the prime factors of s.
2, 257
Let z = 995 - 68. What are the prime factors of z?
3, 103
Suppose 0*m - 8825 = -5*m + 5*z, 2*z = -4*m + 7084. List the prime factors of m.
29, 61
Let q = -3905 - -6853. What are the prime factors of q?
2, 11, 67
Let a = 20 + -19. Let t = 2 + a. Suppose -25 = 5*l, -3*k - t*l - 5 = -47. List the prime factors of k.
19
What are the prime factors of (-26 - (0 - -1))/(12/(-296))?
2, 3, 37
Suppose -32 = -11*t + 17821. List the prime factors of t.
3, 541
Let f = -5 + 479. List the prime factors of f.
2, 3, 79
Suppose -7430 - 528 = -23*c. List the prime factors of c.
2, 173
Let n(z) = 0 + z**2 - 2*z - 8*z + 2 + 1. Let o be n(12). What are the prime factors of o + (3 - 1) - 2?
3
Let q(s) = 341*s - 986. What are the prime factors of q(7)?
3, 467
Let l(g) = -g**3 + 6*g**2 - 4*g + 3. Let k be l(5). Let p(d) = 14*d + 8. List the prime factors of p(k).
2, 3, 5
Let h(v) = -2*v - 12. Let w be h(-7). Suppose -26 - 22 = -w*r. What are the prime factors of r?
2, 3
Suppose -86*l + 85*l = -2088. What are the prime factors of l?
2, 3, 29
Suppose -3*b + 2*n = -1186, 3*n - 789 = -2*b + 4*n. List the prime factors of b.
2, 7
Suppose -14 - 26 = -4*b. Suppose b*q = 8*q + 152. List the prime factors of q.
2, 19
Let q = -33 + 188. What are the prime factors of q?
5, 31
Let v = -138 + 142. Suppose -3*d = -f + 2*d + 192, -v*f - 2*d + 790 = 0. List the prime factors of f.
197
Let q(c) = 42*c - 56. What are the prime factors of q(7)?
2, 7, 17
Let r = 15 + 148. List the prime factors of r.
163
Suppose 21 = 2*r - 1. Let l = -20 + r. Let i = l - -33. List the prime factors of i.
2, 3
Let d(b) be the second derivative of -